{"id":4905,"date":"2025-09-23T22:59:07","date_gmt":"2025-09-24T01:59:07","guid":{"rendered":"https:\/\/ciudaddelapunta.gob.ar\/01\/?page_id=4905"},"modified":"2026-01-04T21:40:01","modified_gmt":"2026-01-05T00:40:01","slug":"corredor-turistico","status":"publish","type":"page","link":"https:\/\/ciudaddelapunta.gob.ar\/01\/corredor-turistico\/","title":{"rendered":"Corredor turistico"},"content":{"rendered":"\t\t<div data-elementor-type=\"wp-page\" data-elementor-id=\"4905\" class=\"elementor elementor-4905\">\n\t\t\t\t<div class=\"elementor-element elementor-element-2553821 e-flex e-con-boxed e-con e-parent\" data-id=\"2553821\" data-element_type=\"container\" data-e-type=\"container\">\n\t\t\t\t\t<div class=\"e-con-inner\">\n\t\t\t\t<div class=\"elementor-element elementor-element-2900b00 elementor-widget elementor-widget-heading\" data-id=\"2900b00\" data-element_type=\"widget\" data-e-type=\"widget\" data-widget_type=\"heading.default\">\n\t\t\t\t<div class=\"elementor-widget-container\">\n\t\t\t\t\t<h2 class=\"elementor-heading-title elementor-size-default\">Corredor de las Sierras Centrales<\/h2>\t\t\t\t<\/div>\n\t\t\t\t<\/div>\n\t\t\t\t\t<\/div>\n\t\t\t\t<\/div>\n\t\t<div class=\"elementor-element elementor-element-f035c85 e-flex e-con-boxed e-con e-parent\" data-id=\"f035c85\" data-element_type=\"container\" data-e-type=\"container\">\n\t\t\t\t\t<div class=\"e-con-inner\">\n\t\t\t\t<div class=\"elementor-element elementor-element-07ffa5d elementor-widget elementor-widget-text-editor\" data-id=\"07ffa5d\" data-element_type=\"widget\" data-e-type=\"widget\" data-widget_type=\"text-editor.default\">\n\t\t\t\t<div class=\"elementor-widget-container\">\n\t\t\t\t\t\t\t\t\t<p>El corredor tur\u00edstico es una v\u00eda o red que conecta a los municipios de La Punta, Suyuque, Villa de la Quebrada y Nogol\u00ed.<\/p><p>Este circuito, enmarcado al pie de las sierras centrales permite que, quienes nos visitan puedan apreciar nuestros atractivos tur\u00edsticos permitiendo de esta manera la integraci\u00f3n y la promoci\u00f3n de distintas actividades.<\/p><p>En este circuito, el turista tendr\u00e1 la posibilidad de disfrutar de nuestra oferta de ecoturismo, cultural, hist\u00f3rico, deportivo, religioso y de convenciones.<\/p><p>Bienvenidos&#8230;<\/p>\t\t\t\t\t\t\t\t<\/div>\n\t\t\t\t<\/div>\n\t\t\t\t\t<\/div>\n\t\t\t\t<\/div>\n\t\t<div class=\"elementor-element elementor-element-ca4868b e-flex e-con-boxed e-con e-parent\" data-id=\"ca4868b\" data-element_type=\"container\" data-e-type=\"container\">\n\t\t\t\t\t<div class=\"e-con-inner\">\n\t\t\t\t<div class=\"elementor-element elementor-element-fa065af elementor-widget elementor-widget-shortcode\" data-id=\"fa065af\" data-element_type=\"widget\" data-e-type=\"widget\" data-widget_type=\"shortcode.default\">\n\t\t\t\t<div class=\"elementor-widget-container\">\n\t\t\t\t\t\t\t<div class=\"elementor-shortcode\"><div class=\"container-wrapper-genially\" style=\"position: relative; min-height: 400px; max-width: 100%;\"><video class=\"loader-genially\" autoplay=\"autoplay\" loop=\"loop\" playsinline=\"playsInline\" muted=\"muted\" style=\"position: absolute;top: 45%;left: 50%;transform: translate(-50%, -50%);width: 80px;height: 80px;margin-bottom: 10%\"><source src=\"https:\/\/static.genially.com\/resources\/loader-default-rebranding.mp4\" type=\"video\/mp4\" \/>Your browser does not support the video tag.<\/video><div id=\"6910c684a7350398ce2a6549\" class=\"genially-embed\" style=\"margin: 0px auto; position: relative; height: auto; width: 100%;\"><\/div><\/div><script>(function (d) { var js, id = \"genially-embed-js\", ref = d.getElementsByTagName(\"script\")[0]; if (d.getElementById(id)) { return; } js = d.createElement(\"script\"); js.id = id; js.async = true; js.src = \"https:\/\/view.genially.com\/static\/embed\/embed.js\"; ref.parentNode.insertBefore(js, ref); }(document));<\/script><\/div>\n\t\t\t\t\t\t<\/div>\n\t\t\t\t<\/div>\n\t\t\t\t\t<\/div>\n\t\t\t\t<\/div>\n\t\t<div class=\"elementor-element elementor-element-f3c8a38 e-grid e-con-boxed e-con e-parent\" data-id=\"f3c8a38\" data-element_type=\"container\" data-e-type=\"container\">\n\t\t\t\t\t<div class=\"e-con-inner\">\n\t\t\t\t<div class=\"elementor-element elementor-element-00f54c5 elementor-align-justify elementor-widget elementor-widget-button\" data-id=\"00f54c5\" data-element_type=\"widget\" data-e-type=\"widget\" data-widget_type=\"button.default\">\n\t\t\t\t<div class=\"elementor-widget-container\">\n\t\t\t\t\t\t\t\t\t<div class=\"elementor-button-wrapper\">\n\t\t\t\t\t<a class=\"elementor-button elementor-button-link elementor-size-sm\" href=\"https:\/\/ciudaddelapunta.gob.ar\/01\/corredorcentral\/\">\n\t\t\t\t\t\t<span class=\"elementor-button-content-wrapper\">\n\t\t\t\t\t\t\t\t\t<span class=\"elementor-button-text\">La Punta<\/span>\n\t\t\t\t\t<\/span>\n\t\t\t\t\t<\/a>\n\t\t\t\t<\/div>\n\t\t\t\t\t\t\t\t<\/div>\n\t\t\t\t<\/div>\n\t\t\t\t<div class=\"elementor-element elementor-element-1d8a5f2 elementor-align-justify elementor-widget elementor-widget-button\" data-id=\"1d8a5f2\" data-element_type=\"widget\" data-e-type=\"widget\" data-widget_type=\"button.default\">\n\t\t\t\t<div class=\"elementor-widget-container\">\n\t\t\t\t\t\t\t\t\t<div class=\"elementor-button-wrapper\">\n\t\t\t\t\t<a class=\"elementor-button elementor-button-link elementor-size-sm\" href=\"https:\/\/ciudaddelapunta.gob.ar\/01\/suyuque\/\">\n\t\t\t\t\t\t<span class=\"elementor-button-content-wrapper\">\n\t\t\t\t\t\t\t\t\t<span class=\"elementor-button-text\">EL Suyuque<\/span>\n\t\t\t\t\t<\/span>\n\t\t\t\t\t<\/a>\n\t\t\t\t<\/div>\n\t\t\t\t\t\t\t\t<\/div>\n\t\t\t\t<\/div>\n\t\t\t\t<div class=\"elementor-element elementor-element-f300013 elementor-align-justify elementor-widget elementor-widget-button\" data-id=\"f300013\" data-element_type=\"widget\" data-e-type=\"widget\" data-widget_type=\"button.default\">\n\t\t\t\t<div class=\"elementor-widget-container\">\n\t\t\t\t\t\t\t\t\t<div class=\"elementor-button-wrapper\">\n\t\t\t\t\t<a class=\"elementor-button elementor-button-link elementor-size-sm\" href=\"https:\/\/ciudaddelapunta.gob.ar\/01\/villa-de-la-quebrada\/\">\n\t\t\t\t\t\t<span class=\"elementor-button-content-wrapper\">\n\t\t\t\t\t\t\t\t\t<span class=\"elementor-button-text\">V. de la Quebrada<\/span>\n\t\t\t\t\t<\/span>\n\t\t\t\t\t<\/a>\n\t\t\t\t<\/div>\n\t\t\t\t\t\t\t\t<\/div>\n\t\t\t\t<\/div>\n\t\t\t\t<div class=\"elementor-element elementor-element-fcaa145 elementor-align-justify elementor-widget elementor-widget-button\" data-id=\"fcaa145\" data-element_type=\"widget\" data-e-type=\"widget\" data-widget_type=\"button.default\">\n\t\t\t\t<div class=\"elementor-widget-container\">\n\t\t\t\t\t\t\t\t\t<div class=\"elementor-button-wrapper\">\n\t\t\t\t\t<a class=\"elementor-button elementor-button-link elementor-size-sm\" href=\"https:\/\/ciudaddelapunta.gob.ar\/01\/__trashed\/\">\n\t\t\t\t\t\t<span class=\"elementor-button-content-wrapper\">\n\t\t\t\t\t\t\t\t\t<span class=\"elementor-button-text\">Nogol\u00ed<\/span>\n\t\t\t\t\t<\/span>\n\t\t\t\t\t<\/a>\n\t\t\t\t<\/div>\n\t\t\t\t\t\t\t\t<\/div>\n\t\t\t\t<\/div>\n\t\t\t\t\t<\/div>\n\t\t\t\t<\/div>\n\t\t<div class=\"elementor-element elementor-element-99526ba e-flex e-con-boxed e-con e-parent\" data-id=\"99526ba\" data-element_type=\"container\" data-e-type=\"container\">\n\t\t\t\t\t<div class=\"e-con-inner\">\n\t\t\t\t\t<\/div>\n\t\t\t\t<\/div>\n\t\t\t\t<\/div>\n\t\t","protected":false},"excerpt":{"rendered":"<p>Corredor de las Sierras Centrales El corredor tur\u00edstico es una v\u00eda o red que conecta a los municipios de La Punta, Suyuque, Villa de la Quebrada y Nogol\u00ed. Este circuito, &#8230;<\/p>\n","protected":false},"author":38,"featured_media":0,"parent":0,"menu_order":0,"comment_status":"closed","ping_status":"closed","template":"","meta":{"footnotes":""},"class_list":["post-4905","page","type-page","status-publish","hentry"],"_links":{"self":[{"href":"https:\/\/ciudaddelapunta.gob.ar\/01\/wp-json\/wp\/v2\/pages\/4905","targetHints":{"allow":["GET"]}}],"collection":[{"href":"https:\/\/ciudaddelapunta.gob.ar\/01\/wp-json\/wp\/v2\/pages"}],"about":[{"href":"https:\/\/ciudaddelapunta.gob.ar\/01\/wp-json\/wp\/v2\/types\/page"}],"author":[{"embeddable":true,"href":"https:\/\/ciudaddelapunta.gob.ar\/01\/wp-json\/wp\/v2\/users\/38"}],"replies":[{"embeddable":true,"href":"https:\/\/ciudaddelapunta.gob.ar\/01\/wp-json\/wp\/v2\/comments?post=4905"}],"version-history":[{"count":67,"href":"https:\/\/ciudaddelapunta.gob.ar\/01\/wp-json\/wp\/v2\/pages\/4905\/revisions"}],"predecessor-version":[{"id":5981,"href":"https:\/\/ciudaddelapunta.gob.ar\/01\/wp-json\/wp\/v2\/pages\/4905\/revisions\/5981"}],"wp:attachment":[{"href":"https:\/\/ciudaddelapunta.gob.ar\/01\/wp-json\/wp\/v2\/media?parent=4905"}],"curies":[{"name":"wp","href":"https:\/\/api.w.org\/{rel}","templated":true}]}}

<div data-elementor-type="wp-page" data-elementor-id="4905" class="elementor elementor-4905">
				<div class="elementor-element elementor-element-2553821 e-flex e-con-boxed e-con e-parent" data-id="2553821" data-element_type="container" data-e-type="container">
					<div class="e-con-inner">
				<div class="elementor-element elementor-element-2900b00 elementor-widget elementor-widget-heading" data-id="2900b00" data-element_type="widget" data-e-type="widget" data-widget_type="heading.default">
				<div class="elementor-widget-container">
					<h2 class="elementor-heading-title elementor-size-default">Corredor de las Sierras Centrales</h2>				</div>
				</div>
					</div>
				</div>
		<div class="elementor-element elementor-element-f035c85 e-flex e-con-boxed e-con e-parent" data-id="f035c85" data-element_type="container" data-e-type="container">
					<div class="e-con-inner">
				<div class="elementor-element elementor-element-07ffa5d elementor-widget elementor-widget-text-editor" data-id="07ffa5d" data-element_type="widget" data-e-type="widget" data-widget_type="text-editor.default">
				<div class="elementor-widget-container">
									<p>El corredor turístico es una vía o red que conecta a los municipios de La Punta, Suyuque, Villa de la Quebrada y Nogolí.</p><p>Este circuito, enmarcado al pie de las sierras centrales permite que, quienes nos visitan puedan apreciar nuestros atractivos turísticos permitiendo de esta manera la integración y la promoción de distintas actividades.</p><p>En este circuito, el turista tendrá la posibilidad de disfrutar de nuestra oferta de ecoturismo, cultural, histórico, deportivo, religioso y de convenciones.</p><p>Bienvenidos&#8230;</p>								</div>
				</div>
					</div>
				</div>
		<div class="elementor-element elementor-element-ca4868b e-flex e-con-boxed e-con e-parent" data-id="ca4868b" data-element_type="container" data-e-type="container">
					<div class="e-con-inner">
				<div class="elementor-element elementor-element-fa065af elementor-widget elementor-widget-shortcode" data-id="fa065af" data-element_type="widget" data-e-type="widget" data-widget_type="shortcode.default">
				<div class="elementor-widget-container">
							<div class="elementor-shortcode"><div class="container-wrapper-genially" style="position: relative; min-height: 400px; max-width: 100%;"><video class="loader-genially" autoplay="autoplay" loop="loop" playsinline="playsInline" muted="muted" style="position: absolute;top: 45%;left: 50%;transform: translate(-50%, -50%);width: 80px;height: 80px;margin-bottom: 10%"><source src="https://static.genially.com/resources/loader-default-rebranding.mp4" type="video/mp4" />Your browser does not support the video tag.</video><div id="6910c684a7350398ce2a6549" class="genially-embed" style="margin: 0px auto; position: relative; height: auto; width: 100%;"></div></div><script>(function (d) { var js, id = "genially-embed-js", ref = d.getElementsByTagName("script")[0]; if (d.getElementById(id)) { return; } js = d.createElement("script"); js.id = id; js.async = true; js.src = "https://view.genially.com/static/embed/embed.js"; ref.parentNode.insertBefore(js, ref); }(document));</script></div>
						</div>
				</div>
					</div>
				</div>
		<div class="elementor-element elementor-element-f3c8a38 e-grid e-con-boxed e-con e-parent" data-id="f3c8a38" data-element_type="container" data-e-type="container">
					<div class="e-con-inner">
				<div class="elementor-element elementor-element-00f54c5 elementor-align-justify elementor-widget elementor-widget-button" data-id="00f54c5" data-element_type="widget" data-e-type="widget" data-widget_type="button.default">
				<div class="elementor-widget-container">
									<div class="elementor-button-wrapper">
					<a class="elementor-button elementor-button-link elementor-size-sm" href="https://ciudaddelapunta.gob.ar/01/corredorcentral/">
						<span class="elementor-button-content-wrapper">
									<span class="elementor-button-text">La Punta</span>
					</span>
					</a>
				</div>
								</div>
				</div>
				<div class="elementor-element elementor-element-1d8a5f2 elementor-align-justify elementor-widget elementor-widget-button" data-id="1d8a5f2" data-element_type="widget" data-e-type="widget" data-widget_type="button.default">
				<div class="elementor-widget-container">
									<div class="elementor-button-wrapper">
					<a class="elementor-button elementor-button-link elementor-size-sm" href="https://ciudaddelapunta.gob.ar/01/suyuque/">
						<span class="elementor-button-content-wrapper">
									<span class="elementor-button-text">EL Suyuque</span>
					</span>
					</a>
				</div>
								</div>
				</div>
				<div class="elementor-element elementor-element-f300013 elementor-align-justify elementor-widget elementor-widget-button" data-id="f300013" data-element_type="widget" data-e-type="widget" data-widget_type="button.default">
				<div class="elementor-widget-container">
									<div class="elementor-button-wrapper">
					<a class="elementor-button elementor-button-link elementor-size-sm" href="https://ciudaddelapunta.gob.ar/01/villa-de-la-quebrada/">
						<span class="elementor-button-content-wrapper">
									<span class="elementor-button-text">V. de la Quebrada</span>
					</span>
					</a>
				</div>
								</div>
				</div>
				<div class="elementor-element elementor-element-fcaa145 elementor-align-justify elementor-widget elementor-widget-button" data-id="fcaa145" data-element_type="widget" data-e-type="widget" data-widget_type="button.default">
				<div class="elementor-widget-container">
									<div class="elementor-button-wrapper">
					<a class="elementor-button elementor-button-link elementor-size-sm" href="https://ciudaddelapunta.gob.ar/01/__trashed/">
						<span class="elementor-button-content-wrapper">
									<span class="elementor-button-text">Nogolí</span>
					</span>
					</a>
				</div>
								</div>
				</div>
					</div>
				</div>
		<div class="elementor-element elementor-element-99526ba e-flex e-con-boxed e-con e-parent" data-id="99526ba" data-element_type="container" data-e-type="container">
					<div class="e-con-inner">
					</div>
				</div>
				</div>

<p>Corredor de las Sierras Centrales El corredor turístico es una vía o red que conecta a los municipios de La Punta, Suyuque, Villa de la Quebrada y Nogolí. Este circuito, &#8230;</p>
